{"id":1470,"date":"2022-11-01T13:51:54","date_gmt":"2022-11-01T13:51:54","guid":{"rendered":"http:\/\/virtual.uncaus.edu.ar\/?page_id=1470"},"modified":"2023-08-25T11:57:27","modified_gmt":"2023-08-25T11:57:27","slug":"plan-de-estudio-sociologia","status":"publish","type":"page","link":"https:\/\/virtual.uncaus.edu.ar\/index.php\/plan-de-estudio-sociologia\/","title":{"rendered":"Plan de Estudio &#8211; Sociolog\u00eda"},"content":{"rendered":"\n<div class=\"wp-block-columns is-layout-flex wp-container-core-columns-is-layout-1 wp-block-columns-is-layout-flex\">\n<div class=\"wp-block-column is-layout-flow wp-block-column-is-layout-flow\">\n<h2 class=\"has-black-color has-text-color wp-block-heading\">1\u00ba A\u00f1o<\/h2>\n\n\n\n<hr class=\"wp-block-separator is-style-wide\"\/>\n\n\n\n<ul class=\"wp-block-list\"><li><a rel=\"noreferrer noopener\" href=\"https:\/\/virtual.uncaus.edu.ar\/wp-content\/uploads\/2022\/11\/01-Teorias-Sociales-Clasicas-Teorias-Sociales-I-Reso-008-20-C.D.C.S.-Y-H.-Sociologia_compressed.pdf\" target=\"_blank\">Teor\u00edas Sociales. Teor\u00edas Sociales Cl\u00e1sicas <\/a><\/li><li><a href=\"https:\/\/virtual.uncaus.edu.ar\/wp-content\/uploads\/2022\/11\/Res.-N\u00b0-116-22-CDCSyH-Historia-Social-I-del-Feudalismo-a-la-Sociedad-Contemporanea-Lic.-en-Sociologia-a-Distancia.pdf\" target=\"_blank\" rel=\"noreferrer noopener\">Historia Social I. Del Feudalismo a la Sociedad Contempor\u00e1nea <\/a><\/li><li><a href=\"https:\/\/virtual.uncaus.edu.ar\/wp-content\/uploads\/2022\/11\/MODIFICACION-Sociedad-y-Territorios-I-Reso-009-20-C.D.C.S.-Y-H.-Sociologia-Vigente-desde-2020.pdf\" target=\"_blank\" rel=\"noreferrer noopener\">Sociedad y Territorios I <\/a><\/li><li><a href=\"https:\/\/virtual.uncaus.edu.ar\/wp-content\/uploads\/2022\/11\/04-Taller-de-Investigacion-I-Reso-011-20-C.D.C.S.-Y-H.-Sociologia_compressed.pdf\" target=\"_blank\" rel=\"noreferrer noopener\">Taller de investigaci\u00f3n I <\/a><\/li><li><a href=\"https:\/\/virtual.uncaus.edu.ar\/wp-content\/uploads\/2022\/11\/05-Reso-N\u00b0-50-19-Sociologia-Sistemica-Lic-en-Sociologia_compressed.pdf\" target=\"_blank\" rel=\"noreferrer noopener\">Sociolog\u00eda Sistem\u00e1tica <\/a><\/li><li><a href=\"https:\/\/virtual.uncaus.edu.ar\/wp-content\/uploads\/2022\/11\/06.-Res.-No-156-SOCIEDAD-Y-ESTADOS.pdf\" target=\"_blank\" rel=\"noreferrer noopener\">Sociedad y Estados <\/a><\/li><li><a href=\"https:\/\/virtual.uncaus.edu.ar\/wp-content\/uploads\/2022\/11\/MODIF-1-Historia-Economica-y-Social-de-la-Argentina-Res.-N\u00b0-205-22-CDCSyH.pdf\" target=\"_blank\" rel=\"noreferrer noopener\">Historia Econ\u00f3mica y Social de la Argentina <\/a><\/li><li><a href=\"https:\/\/virtual.uncaus.edu.ar\/wp-content\/uploads\/2022\/11\/08-Taller-de-Investigacion-II-Reso-012-20-C.D.C.S.-Y-H.-Sociologia_compressed.pdf\" target=\"_blank\" rel=\"noreferrer noopener\">Taller de Investigaci\u00f3n II <\/a><\/li><\/ul>\n<\/div>\n\n\n\n<div class=\"wp-block-column is-layout-flow wp-block-column-is-layout-flow\">\n<h2 class=\"wp-block-heading\">2\u00ba A\u00f1o<\/h2>\n\n\n\n<hr class=\"wp-block-separator is-style-wide\"\/>\n\n\n\n<ul class=\"wp-block-list\"><li><a href=\"https:\/\/virtual.uncaus.edu.ar\/wp-content\/uploads\/2022\/11\/RES-151-20-FUNDAMENTOS-DE-ECONOMIA-Sociologia.pdf\" target=\"_blank\" rel=\"noreferrer noopener\">Fundamentos de Econom\u00eda <\/a><\/li><li><a href=\"https:\/\/virtual.uncaus.edu.ar\/wp-content\/uploads\/2022\/11\/10.-Res.-No-150-Antropologia-Social-y-Cultural.pdf\" target=\"_blank\" rel=\"noreferrer noopener\">Antropolog\u00eda Social y Cultural <\/a><\/li><li><a href=\"https:\/\/virtual.uncaus.edu.ar\/wp-content\/uploads\/2022\/11\/11-Ciencias-Politicas-Reso-53-19-C.D.C.S.-Y-H.-Sociologia_compressed.pdf\" target=\"_blank\" rel=\"noreferrer noopener\">Ciencias Pol\u00edticas <\/a><\/li><li><a href=\"https:\/\/virtual.uncaus.edu.ar\/wp-content\/uploads\/2022\/11\/Res.-N\u00b0-155-20-CDCSyH-Taller-de-Investigacion-III.pdf\" target=\"_blank\" rel=\"noreferrer noopener\">Taller de Investigaci\u00f3n III <\/a><\/li><li><a href=\"https:\/\/virtual.uncaus.edu.ar\/wp-content\/uploads\/2022\/11\/Res.-No-074-21-CDCSyH-Acciones-e-Intervenciones-Sociales.pdf\" target=\"_blank\" rel=\"noreferrer noopener\">Acciones e Intervenciones Sociales <\/a><\/li><li><a href=\"https:\/\/virtual.uncaus.edu.ar\/wp-content\/uploads\/2022\/11\/14.-Res.-No-158-PSICOLOGIA-SOCIAL.pdf\" target=\"_blank\" rel=\"noreferrer noopener\">Psicolog\u00eda Social <\/a><\/li><li><a href=\"https:\/\/virtual.uncaus.edu.ar\/wp-content\/uploads\/2022\/11\/Res.-N\u00b0-112-22-CDCSyH-Estadistica-Aplicada-a-las-Ciencias-Sociales-Lic.-en-Sociologia-a-Distancia.pdf\" target=\"_blank\" rel=\"noreferrer noopener\">Estad\u00edstica Aplicada a las Ciencias Sociales <\/a><\/li><li><a href=\"https:\/\/virtual.uncaus.edu.ar\/wp-content\/uploads\/2022\/11\/16-Taller-de-Investigacion-IV-Reso-007-20-C.D.C.S.-Y-H.-Sociologia.pdf\" target=\"_blank\" rel=\"noreferrer noopener\">Taller de Investigaci\u00f3n IV <\/a><\/li><\/ul>\n<\/div>\n\n\n\n<div class=\"wp-block-column is-layout-flow wp-block-column-is-layout-flow\">\n<h2 class=\"wp-block-heading\">3\u00ba A\u00f1o<\/h2>\n\n\n\n<hr class=\"wp-block-separator is-style-wide\"\/>\n\n\n\n<ul class=\"wp-block-list\"><li><a href=\"https:\/\/virtual.uncaus.edu.ar\/wp-content\/uploads\/2022\/11\/17.-Res.-No-153-Teoria-Sociales-2-SigloXX.pdf\" target=\"_blank\" rel=\"noreferrer noopener\">Teor\u00edas Sociales II. Siglo XX <\/a><\/li><li><a href=\"https:\/\/virtual.uncaus.edu.ar\/wp-content\/uploads\/2022\/11\/Res.-N\u00b0-153-22-CDCSyH-Epistemologia-de-las-Ciencias-Sociales-Lic.-en-Sociologia-a-Distanciaa.pdf\" target=\"_blank\" rel=\"noreferrer noopener\">Epistemolog\u00eda de las Ciencias Sociales <\/a><\/li><li><a href=\"https:\/\/virtual.uncaus.edu.ar\/wp-content\/uploads\/2022\/11\/Res.-N\u00b0-108-22-CDCSyH-Taller-de-Investigacion-V-Lic.-en-Sociologia-a-Distancia.pdf\" target=\"_blank\" rel=\"noreferrer noopener\">Taller de investigaci\u00f3n V <\/a><\/li><li><a href=\"https:\/\/virtual.uncaus.edu.ar\/wp-content\/uploads\/2022\/11\/Res.-N\u00b0-106-22-CDCSyH-Aspectos-Sociales-de-la-Poblacion-Migraciones-y-Desplazamientos-Lic.-en-Sociologia-a-Distancia.pdf\" target=\"_blank\" rel=\"noreferrer noopener\">Aspectos Sociales de la Poblaci\u00f3n, Migraciones y Desplazamientos <\/a><\/li><li><a href=\"https:\/\/virtual.uncaus.edu.ar\/wp-content\/uploads\/2022\/11\/21.-Res.-No-160-Psic-comunitaria.pdf\" target=\"_blank\" rel=\"noreferrer noopener\">Psicolog\u00eda Comunitaria <\/a><\/li><li><a href=\"https:\/\/virtual.uncaus.edu.ar\/wp-content\/uploads\/2022\/11\/22.-Res.-No-154-Taller-de-Investigacion-VI.pdf\" target=\"_blank\" rel=\"noreferrer noopener\">Taller de Investigaci\u00f3n VI <\/a><\/li><li><a href=\"https:\/\/virtual.uncaus.edu.ar\/wp-content\/uploads\/2022\/11\/Res.-No-075-21-CDCSyH-Sociologia-Rural-Vigente-2020.pdf\" target=\"_blank\" rel=\"noreferrer noopener\">Sociolog\u00eda Rural <\/a><\/li><li><a href=\"https:\/\/virtual.uncaus.edu.ar\/wp-content\/uploads\/2022\/11\/Res.-No-077-21-CDCSyH-Sociologia-urbana-programa-vigente-desde-el-2020.pdf\" target=\"_blank\" rel=\"noreferrer noopener\">Sociolog\u00eda Urbana <\/a><\/li><\/ul>\n<\/div>\n<\/div>\n\n\n\n<div class=\"wp-block-columns is-layout-flex wp-container-core-columns-is-layout-2 wp-block-columns-is-layout-flex\">\n<div class=\"wp-block-column is-layout-flow wp-block-column-is-layout-flow\">\n<h2 class=\"has-black-color has-text-color wp-block-heading\">4\u00ba A\u00f1o<\/h2>\n\n\n\n<hr class=\"wp-block-separator is-style-wide\"\/>\n\n\n\n<ul class=\"wp-block-list\"><li><a href=\"https:\/\/virtual.uncaus.edu.ar\/wp-content\/uploads\/2022\/11\/MODIFICACION-Res.-N\u00b0-115-22-CDCSyH-Sociologia-Politica-y-del-Cambio-Social-Lic.-en-Sociologia-a-Distancia.pdf\" target=\"_blank\" rel=\"noreferrer noopener\">Sociolog\u00eda Pol\u00edtica y del Cambio Social <\/a><\/li><li><a href=\"https:\/\/virtual.uncaus.edu.ar\/wp-content\/uploads\/2022\/11\/Res.-No-073-21-CDCSyH-Taller-de-Investigacion-VII.pdf\" target=\"_blank\" rel=\"noreferrer noopener\">Taller de Investigaci\u00f3n VII <\/a><\/li><li><a href=\"https:\/\/virtual.uncaus.edu.ar\/wp-content\/uploads\/2022\/11\/Res.-N\u00b0-104-22-CDCSyH-Poder-y-Construccion-de-Subjetividades-Lic.-en-Sociologia-a-Distancia.pdf\" target=\"_blank\" rel=\"noreferrer noopener\">Poder y Construcci\u00f3n Subjetividades <\/a><\/li><li><a href=\"https:\/\/virtual.uncaus.edu.ar\/wp-content\/uploads\/2022\/11\/Res.-N\u00b0-103-22-CDCSyH-Ideologia-y-Representaciones-Sociales-Lic.-en-Sociologia-a-Distancia.pdf\" target=\"_blank\" rel=\"noreferrer noopener\">Ideolog\u00eda y Representaciones Sociales <\/a><\/li><li><a href=\"https:\/\/virtual.uncaus.edu.ar\/wp-content\/uploads\/2022\/11\/29.-Res.-No-148-Socio-Psicologia-de-las-Organizaciones.pdf\" target=\"_blank\" rel=\"noreferrer noopener\">Socio-psicolog\u00eda de las organizaciones <\/a><\/li><li><a href=\"https:\/\/virtual.uncaus.edu.ar\/wp-content\/uploads\/2022\/11\/30.-Res.-No-159-TEORIA-y-TECNICA-DE-GRUPOS-.pdf\" target=\"_blank\" rel=\"noreferrer noopener\">Teor\u00eda y t\u00e9cnica de grupos <\/a><\/li><li><a href=\"https:\/\/virtual.uncaus.edu.ar\/wp-content\/uploads\/2022\/11\/31.-Res.-No149-Taller-de-Investigacion-VIII.pdf\" target=\"_blank\" rel=\"noreferrer noopener\">Taller de Investigaci\u00f3n VIII <\/a><\/li><\/ul>\n<\/div>\n\n\n\n<div class=\"wp-block-column is-layout-flow wp-block-column-is-layout-flow\">\n<h2 class=\"wp-block-heading\">5\u00ba A\u00f1o<\/h2>\n\n\n\n<hr class=\"wp-block-separator is-style-wide\"\/>\n\n\n\n<ul class=\"wp-block-list\"><li><a href=\"https:\/\/virtual.uncaus.edu.ar\/wp-content\/uploads\/2022\/11\/32.-Res.-No-152-TESINA-2018.pdf\" target=\"_blank\" rel=\"noreferrer noopener\">Tesina<\/a><\/li><\/ul>\n<\/div>\n<\/div>\n\n\n\n<p><\/p>\n","protected":false},"excerpt":{"rendered":"<p>1\u00ba A\u00f1o Teor\u00edas Sociales. Teor\u00edas Sociales Cl\u00e1sicas Historia Social I. Del Feudalismo a la Sociedad Contempor\u00e1nea Sociedad y Territorios I Taller de investigaci\u00f3n I Sociolog\u00eda Sistem\u00e1tica Sociedad y Estados Historia Econ\u00f3mica y Social de la Argentina Taller de Investigaci\u00f3n II<\/p>\n","protected":false},"author":3,"featured_media":0,"parent":0,"menu_order":0,"comment_status":"closed","ping_status":"closed","template":"","meta":{"footnotes":""},"class_list":["post-1470","page","type-page","status-publish","hentry"],"_links":{"self":[{"href":"https:\/\/virtual.uncaus.edu.ar\/index.php\/wp-json\/wp\/v2\/pages\/1470"}],"collection":[{"href":"https:\/\/virtual.uncaus.edu.ar\/index.php\/wp-json\/wp\/v2\/pages"}],"about":[{"href":"https:\/\/virtual.uncaus.edu.ar\/index.php\/wp-json\/wp\/v2\/types\/page"}],"author":[{"embeddable":true,"href":"https:\/\/virtual.uncaus.edu.ar\/index.php\/wp-json\/wp\/v2\/users\/3"}],"replies":[{"embeddable":true,"href":"https:\/\/virtual.uncaus.edu.ar\/index.php\/wp-json\/wp\/v2\/comments?post=1470"}],"version-history":[{"count":5,"href":"https:\/\/virtual.uncaus.edu.ar\/index.php\/wp-json\/wp\/v2\/pages\/1470\/revisions"}],"predecessor-version":[{"id":1977,"href":"https:\/\/virtual.uncaus.edu.ar\/index.php\/wp-json\/wp\/v2\/pages\/1470\/revisions\/1977"}],"wp:attachment":[{"href":"https:\/\/virtual.uncaus.edu.ar\/index.php\/wp-json\/wp\/v2\/media?parent=1470"}],"curies":[{"name":"wp","href":"https:\/\/api.w.org\/{rel}","templated":true}]}}