{"id":924,"date":"2022-08-19T15:26:08","date_gmt":"2022-08-19T15:26:08","guid":{"rendered":"http:\/\/virtual.uncaus.edu.ar\/?page_id=924"},"modified":"2025-11-13T13:43:57","modified_gmt":"2025-11-13T13:43:57","slug":"ingresantes","status":"publish","type":"page","link":"https:\/\/virtual.uncaus.edu.ar\/index.php\/ingresantes\/","title":{"rendered":"Ingresantes 2026"},"content":{"rendered":"\n<h2 class=\"wp-block-heading\">Preinscripci\u00f3n<\/h2>\n\n\n\n<p><br>\u2022 Desde el 10\/11\/2025 hasta el 12\/12\/2025<br>\u2022 Ingresar al Portal de Preinscripci\u00f3n UNCAUS <a href=\"https:\/\/sga.uncaus.edu.ar\/auth\/preinscripcion\" data-type=\"URL\" data-id=\"https:\/\/sga.uncaus.edu.ar\/auth\/preinscripcion\" target=\"_blank\" rel=\"noreferrer noopener\">sga.uncaus.edu.ar\/preinscripcion. <\/a>En el Portal de Preinscripci\u00f3n hay unos instructivos de c\u00f3mo completar el formulario de preinscripci\u00f3n.<br>\u2022 Carreras disponibles:<\/p>\n\n\n\n<p>o Licenciatura en Sociolog\u00eda<br>o Licenciatura en Administraci\u00f3n \u2013 Modalidad a Distancia<br>o Licenciatura en Administraci\u00f3n \u2013 Ciclo de Complementaci\u00f3n Curricular<br>o Licenciatura en Seguridad P\u00fablica y Ciudadana \u2013 Ciclo de Complementaci\u00f3n Curricular<br>o Tecnicatura Universitaria en Gesti\u00f3n Ambiental<br>o Tecnicatura Universitaria en Higiene y Seguridad<br>o Contador P\u00fablico<\/p>\n\n\n\n<div style=\"height:51px\" aria-hidden=\"true\" class=\"wp-block-spacer\"><\/div>\n\n\n\n<h2 class=\"wp-block-heading\">Inscripci\u00f3n a carreras <p><em>(entrega de documentaci\u00f3n en formato digital)<\/em><\/p><\/h2>\n\n\n\n<p>\u2022 Desde el 10\/11\/2025 hasta el 19\/12\/2025<br>\u2022 Subir la documentaci\u00f3n en el \u201cSistema de Legajos Digitales\u201d. Link de acceso: <a href=\"https:\/\/legajos.uncaus.edu.ar\/auth\/login\" data-type=\"URL\" data-id=\"https:\/\/legajos.uncaus.edu.ar\/auth\/login\" target=\"_blank\" rel=\"noreferrer noopener\">legajos.uncaus.edu.ar<\/a><br>\u2022 Requisitos para la inscripci\u00f3n en Sistema de Legajos Digitales. En formato digital escaneado con las formalidades de la ley.<\/p>\n\n\n\n<p>o Formulario de preinscripci\u00f3n actualizado (firmado por el interesado)<br>o Foto DNI (frente y dorso) o pasaporte para extranjeros<br>o Foto carnet (fondo blanco)<br>o T\u00edtulo secundario original a color o constancia de finalizaci\u00f3n de estudios secundarios \u00abno adeuda materias\u00bb. O para los ciclos de complementaci\u00f3n curricular, t\u00edtulo terciario\/universitario. (En un solo archivo)<br>o Certificado de domicilio actualizado.<br>o Grupo Sangu\u00edneo.<br>o Certificado de Buena Salud (Expedido por organismo p\u00fablico competente).<\/p>\n\n\n\n<p>V\u00eda de comunicaci\u00f3n carreras a distancia: virtual@uncaus.edu.ar <\/p>\n\n\n\n<div style=\"height:51px\" aria-hidden=\"true\" class=\"wp-block-spacer\"><\/div>\n\n\n\n<div class=\"wp-block-buttons is-content-justification-center is-layout-flex wp-container-core-buttons-is-layout-1 wp-block-buttons-is-layout-flex\">\n<div class=\"wp-block-button\"><a class=\"wp-block-button__link wp-element-button\" href=\"https:\/\/virtual.uncaus.edu.ar\/wp-content\/uploads\/2024\/11\/Disp-1596_2024_Insc-2025.pdf\" target=\"_blank\" rel=\"noreferrer noopener\">Procedimiento de inscripci\u00f3n <\/a><\/div>\n<\/div>\n\n\n\n<p><\/p>\n\n\n\n<figure class=\"wp-block-embed is-type-video is-provider-youtube wp-block-embed-youtube wp-embed-aspect-16-9 wp-has-aspect-ratio\"><div class=\"wp-block-embed__wrapper\">\n<iframe loading=\"lazy\" title=\"Tutorial de Inscripci\u00f3n a carreras - Sistema de legajos Digitales - UNCAUS\" width=\"750\" height=\"422\" src=\"https:\/\/www.youtube.com\/embed\/fgS6TTXYUbY?feature=oembed\" frameborder=\"0\" allow=\"accelerometer; autoplay; clipboard-write; encrypted-media; gyroscope; picture-in-picture; web-share\" referrerpolicy=\"strict-origin-when-cross-origin\" allowfullscreen><\/iframe>\n<\/div><\/figure>\n","protected":false},"excerpt":{"rendered":"<p>Preinscripci\u00f3n \u2022 Desde el 10\/11\/2025 hasta el 12\/12\/2025\u2022 Ingresar al Portal de Preinscripci\u00f3n UNCAUS sga.uncaus.edu.ar\/preinscripcion. En el Portal de Preinscripci\u00f3n hay unos instructivos de c\u00f3mo completar el formulario de preinscripci\u00f3n.\u2022 Carreras disponibles: o Licenciatura en Sociolog\u00edao Licenciatura en Administraci\u00f3n \u2013<\/p>\n","protected":false},"author":1,"featured_media":0,"parent":0,"menu_order":0,"comment_status":"closed","ping_status":"closed","template":"","meta":{"footnotes":""},"class_list":["post-924","page","type-page","status-publish","hentry"],"_links":{"self":[{"href":"https:\/\/virtual.uncaus.edu.ar\/index.php\/wp-json\/wp\/v2\/pages\/924"}],"collection":[{"href":"https:\/\/virtual.uncaus.edu.ar\/index.php\/wp-json\/wp\/v2\/pages"}],"about":[{"href":"https:\/\/virtual.uncaus.edu.ar\/index.php\/wp-json\/wp\/v2\/types\/page"}],"author":[{"embeddable":true,"href":"https:\/\/virtual.uncaus.edu.ar\/index.php\/wp-json\/wp\/v2\/users\/1"}],"replies":[{"embeddable":true,"href":"https:\/\/virtual.uncaus.edu.ar\/index.php\/wp-json\/wp\/v2\/comments?post=924"}],"version-history":[{"count":82,"href":"https:\/\/virtual.uncaus.edu.ar\/index.php\/wp-json\/wp\/v2\/pages\/924\/revisions"}],"predecessor-version":[{"id":2582,"href":"https:\/\/virtual.uncaus.edu.ar\/index.php\/wp-json\/wp\/v2\/pages\/924\/revisions\/2582"}],"wp:attachment":[{"href":"https:\/\/virtual.uncaus.edu.ar\/index.php\/wp-json\/wp\/v2\/media?parent=924"}],"curies":[{"name":"wp","href":"https:\/\/api.w.org\/{rel}","templated":true}]}}